ue
Is 3094294207 a prime number?
True
Is 16150335781 prime?
True
Is 3761812399 composite?
True
Is 18053661313 a prime number?
False
Is 4445137993 prime?
True
Is 10412997326 prime?
False
Is 11335267403 a prime number?
False
Is 11743169003 a prime number?
True
Is 224408711 a prime number?
False
Is 880965707 composite?
False
Is 1751511007 a prime number?
False
Is 44230880147 a composite number?
False
Is 493154059 a prime number?
True
Is 3296205673 a composite number?
False
Is 865122406 prime?
False
Is 1070814001 a composite number?
True
Is 1157461307 prime?
False
Is 1679598121 a prime number?
False
Is 54492419 a prime number?
True
Is 9344682271 a composite number?
True
Is 14257717 a composite number?
False
Is 18203130113 a prime number?
False
Is 6576292171 prime?
False
Is 31164241523 a prime number?
False
Is 1600392419 a composite number?
False
Is 7357321427 composite?
False
Is 4020246449 a prime number?
False
Is 7410510791 composite?
False
Is 126222144869 prime?
False
Is 8267364221 a composite number?
True
Is 10072966397 a prime number?
False
Is 49611177781 prime?
False
Is 5810229587 composite?
True
Is 669341209 a prime number?
False
Is 1051068343 a composite number?
True
Is 873605323 prime?
True
Is 3203301433 composite?
False
Is 24501011551 a prime number?
False
Is 28643048699 composite?
False
Is 15969875351 a prime number?
True
Is 1145972183 composite?
True
Is 1145428757 a prime number?
False
Is 17276834989 a prime number?
True
Is 18167557 composite?
False
Is 2937340349 a composite number?
True
Is 36445452733 prime?
True
Is 206731009 a composite number?
True
Is 92246423 prime?
True
Is 2075226851 prime?
True
Is 2645311387 composite?
True
Is 268824641 a composite number?
False
Is 154768037903 a prime number?
True
Is 8769128821 prime?
True
Is 19034616437 a composite number?
True
Is 5533086821 a composite number?
False
Is 490986373 prime?
True
Is 129367774667 a composite number?
False
Is 225487981 prime?
True
Is 180303659 a prime number?
False
Is 36836447 prime?
True
Is 55311991 prime?
False
Is 4796405843 a prime number?
False
Is 6078079643 composite?
True
Is 2485031917 a prime number?
True
Is 44386133941 prime?
False
Is 20216916251 composite?
True
Is 233222467 prime?
True
Is 4203097321 a composite number?
False
Is 10401668411 a prime number?
False
Is 2094747323 composite?
False
Is 484294717 a prime number?
True
Is 394049461 prime?
False
Is 362108393 composite?
False
Is 6141708935 composite?
True
Is 58441481233 a composite number?
True
Is 23765565277 composite?
True
Is 5541602861 a prime number?
False
Is 1143680477 composite?
False
Is 306947063 a composite number?
True
Is 14872235743 prime?
False
Is 3476279883 a composite number?
True
Is 1349794681 composite?
False
Is 21523534309 composite?
True
Is 7504981207 a composite number?
True
Is 5378684797 a composite number?
False
Is 1106786897 a composite number?
False
Is 2372849081 composite?
False
Is 3892920667 composite?
False
Is 7883409277 composite?
False
Is 4715570819 a composite number?
True
Is 112612735537 a composite number?
True
Is 4567788779 a composite number?
False
Is 11139115501 a composite number?
False
Is 2778468227 a composite number?
True
Is 11131750573 composite?
True
Is 109176443 composite?
False
Is 38786311 a composite number?
True
Is 243183769943 a composite number?
False
Is 1959684427 a prime number?
False
Is 64551751169 a prime number?
False
Is 1731699031 prime?
True
Is 1187191309 a composite number?
True
Is 30873749 prime?
True
Is 92614153043 composite?
True
Is 5574643505 prime?
False
Is 82203624521 prime?
True
Is 4441853803 composite?
False
Is 604078855 prime?
False
Is 289694428729 a prime number?
True
Is 1172970143 prime?
True
Is 15237016133 a prime number?
True
Is 144790425655 composite?
True
Is 3089448379 prime?
False
Is 1585228091 a composite number?
False
Is 222985747 a prime number?
False
Is 222736361 composite?
False
Is 666727219 prime?
True
Is 44595324079 composite?
True
Is 3601226753 a composite number?
True
Is 2963550853 a prime number?
False
Is 6460619021 a composite number?
True
Is 11960782807 a composite number?
False
Is 23747621959 a prime number?
True
Is 2136433939 prime?
False
Is 35858541607 a composite number?
True
Is 1307065721 prime?
False
Is 4033286641 composite?
False
Is 13385297647 prime?
True
Is 9040421713 a composite number?
False
Is 23391417827 composite?
True
Is 348480527 composite?
True
Is 6466001293 a composite number?
True
Is 1933162141 a prime number?
True
Is 270186379 a composite number?
True
Is 77092129 a prime number?
True
Is 1121396691 a prime number?
False
Is 12104599 prime?
False
Is 2613756811 a composite number?
False
Is 14849049323 a composite number?
False
Is 16854291203 a composite number?
True
Is 17924967751 composite?
True
Is 7645176653 a composite number?
False
Is 4376887969 a composite number?
False
Is 19250809819 composite?
True
Is 7282862537 a prime number?
False
Is 22667399509 a prime number?
False
Is 8929906637 prime?
True
Is 44366705569 a composite number?
True
Is 33598719841 a prime number?
False
Is 427749173 a prime number?
True
Is 11107694743 a composite number?
False
Is 5965445441 a composite number?
False
Is 16819670503 prime?
False
Is 27754628009 a composite number?
True
Is 31279144223 a composite number?
True
Is 177307617899 a composite number?
False
Is 13805196247 prime?
True
Is 9082327621 a prime number?
True
Is 85782738841 prime?
True
Is 54981245869 prime?
False
Is 1260524571 prime?
False
Is 457080485 composite?
True
Is 3146358659 prime?
False
Is 7484811683 prime?
False
Is 1023574781 composite?
True
Is 95714977 a prime number?
False
Is 192313123513 a prime number?
False
Is 7283951639 composite?
False
Is 907960639 composite?
False
Is 259049642 a composite number?
True
Is 89782109081 a prime number?
False
Is 57448945 composite?
True
Is 11693220185 a prime number?
False
Is 65531407 composite?
True
Is 3449771489 a composite number?
False
Is 2367970777 prime?
True
Is 8896700837 composite?
True
Is 230346499 prime?
True
Is 6927942121 a prime number?
True
Is 44688223729 composite?
True
Is 60208980331 a prime number?
True
Is 1480056181 composite?
False
Is 19092094529 composite?
False
Is 129180049 a prime number?
True
Is 404785151 composite?
True
Is 25501478239 a composite number?
True
Is 3463010417 composite?
False
Is 47377125485 a prime number?
False
Is 38346491483 prime?
True
Is 217369826189 a composite number?
False
Is 28488948823 a prime number?
False
Is 5984050991 a prime number?
True
Is 132865732569 a prime number?
False
Is 4004651633 composite?
True
Is 3551541367 a composite number?
True
Is 554731207 a composite number?
False
Is 1183711681 composite?
True
Is 4361339407 composite?
False
Is 43929787 a composite number?
True
Is 4234220917 prime?
True
Is 34494003443 a prime number?
True
Is 63030574294 a prime number?
False
Is 12253385449 a composite number?
False
Is 14687413799 a composite number?
True
Is 35850297607 composite?
False
Is 44828030671 composite?
False
Is 6930613303 a prime number?
False
Is 12521065 composite?
True
Is 3372290269 a prime number?
True
Is 973169983 composite?
False
Is 21070920061 prime?
False
Is 37183383571 a composite number?
True
Is 7344155947 prime?
True
Is 1162209649 prime?
True
Is 314901193103 composite?
True
Is 2241929237 a composite number?
False
Is 8551870319 a prime number?
True
Is 59484418303 a composite number?
False
Is 6737293303 prime?
False
Is 49972343633 a composite number?
True
Is 35220687 composite?
True
Is 251891443 a composite number?
True
Is 153746473 a prime number?
False
Is 531363851 a composite number?
True
Is 4617085267 prime?
False
Is 32570113111 composite?
False
Is 11213464651 prime?
False
Is 40368828449 a prime number?
True
Is 147112217 a composite number?
True
Is 18044734027 composite?
False
Is 1587391687 prime?
False
Is 511924057 prime?
True
Is 880402807 prime?
True
Is 367150951 prime?
False
Is 1921983953 prime?
True
Is 241716323 a prime number?
True
Is 2117689699 a composite number?
False
Is 3500171009 composite?
True
Is 23928774383 a composite number?
True
Is 297737989 a prime number?
False
Is 540009521 a prime number?
True
Is 134431877 a prime number?
True
Is 56501063 composite?
False
Is 2024779733 prime?
True
Is 103131551531 prime?
True
Is 6442901573 composite?
F